ctors of z(2)?
2, 3, 41
Let j = -17 + 22. Suppose j = -m - 0*m, 3*m + 39 = 4*y. List the prime factors of 33/(-2)*(1 - 22/y).
2, 11
Let s = 4476 - 569. List the prime factors of s.
3907
Let h(m) = -8*m - 7. Let y be h(-2). Let k = y + 0. Let v(t) = 14*t - 31. What are the prime factors of v(k)?
5, 19
Suppose b = 118 - 266. List the prime factors of (b/(-12) + 3)*126/7.
2, 3, 23
Suppose -5*i + 294339 = 9*l + 80306, 2*i + 47538 = 2*l. What are the prime factors of l?
13, 31, 59
Let y = 591 - -12206. What are the prime factors of y?
67, 191
Let m(v) be the first derivative of -1/3*v**3 + 0*v + 1/2*v**2 + 1/4*v**4 + 2. List the prime factors of m(2).
2, 3
Let k(b) be the first derivative of -b**4/2 + 65*b**3/3 - 17*b**2/2 + 4*b - 186. List the prime factors of k(32).
2, 11
Suppose -231*b = -235*b - 68. Let x(c) = 2*c**2 + 15*c + 1. List the prime factors of x(b).
2, 3
Let t be (-2)/((-36)/3) + (-123)/(-18). Suppose -t*u = -157 - 74. Suppose 0 = -9*b + 10*b - u. List the prime factors of b.
3, 11
Let h = 3040 + 15222. What are the prime factors of h?
2, 23, 397
Let c = 898 + 7776. List the prime factors of c.
2, 4337
Let l(n) = 10 + 7*n + 1 + 0. Let g be l(8). Suppose 3*s + s = a - 59, 4*s - g = -a. What are the prime factors of a?
3, 7
Let r = -37924 + 83749. What are the prime factors of r?
3, 5, 13, 47
Suppose -4 = -2*b, 3*b + 2*b = 4*g + 10. Suppose g = -4*z - a + 191, -103 = -2*z + 3*a - 4. Suppose 4*o - z = 764. What are the prime factors of o?
7, 29
Suppose 5*r - 4*o - 23 = 4, o + 6 = r. Let q(g) = 293*g + 50. List the prime factors of q(r).
929
Suppose 3*c + 4*o - 1919 = 0, -4*c + 3477 = -3*o + 960. Let k = 1247 - c. List the prime factors of k.
2, 307
Let h(o) = 191*o + 121. Let i be h(4). Let a = i + -588. List the prime factors of a.
3, 11
Suppose -4*g = 3*r - 8*r - 15903, 4*g + 5*r = 15873. What are the prime factors of g?
2, 3, 331
Suppose 2*a - 4*p = 11572, -5*a + 38486 = p + 9479. List the prime factors of a.
2, 5, 29
Let g be 12/(29/(-28) + 20/70). Let z(f) = -44*f - 103. What are the prime factors of z(g)?
601
Suppose 7092 = 11*l + 7*l. Suppose -669 = -l*d + 391*d. What are the prime factors of d?
223
Let o = -179 - -183. Let j(v) = v**3 - 4*v**2 - v + 4. Let t be j(4). Suppose t = -o*f + 4*a + 540, -9 = -2*f + 4*a + 255. What are the prime factors of f?
2, 3, 23
Let d(p) = 2595*p**3 - 95*p**2 + 264*p + 4. List the prime factors of d(3).
2, 17, 29, 71
Suppose 0 = 4*h + 6*d - 2*d - 32, -2*h + 5*d = 19. Suppose h*a + s = -a + 32, 0 = 3*a - s - 24. What are the prime factors of 380/a*(-24)/(-20)?
3, 19
Suppose -5*w = 25, -3*p + 8*p - 3025 = 4*w. Suppose 3*j = -118 + p. Let x = 314 - j. List the prime factors of x.
3, 17
List the prime factors of 10*(4874 - (7 - 7)).
2, 5, 2437
Let s be (-32)/5 - 52/(-130). List the prime factors of 5328/(-40)*(s - (2 - 3)).
2, 3, 37
Let k = -17760 - -25059. What are the prime factors of k?
3, 811
Suppose 2*v - 1949 = 135. Let s = v + -603. What are the prime factors of s?
439
Let k(v) = v**2 - 23*v + 126. Let y be k(7). Suppose 4568 + 3748 = y*b. List the prime factors of b.
2, 3, 11
Let q(v) = v**2 + 0*v**2 - 776*v + 18 + 784*v. Suppose 5*n + 0*n - 3*r = -76, -n - 32 = 5*r. What are the prime factors of q(n)?
3, 19
Let m(n) = n + 21*n**2 + 0 + 155*n**2 + 0. What are the prime factors of m(-1)?
5, 7
Let v = 33 - 14. Suppose -981 = -22*f + v*f. List the prime factors of f.
3, 109
Suppose 4*n + 6*y - 94 = 8*y, 3*n - 5*y - 74 = 0. Suppose 254 = n*m - 20285. List the prime factors of m.
19, 47
Suppose -1972 = -5*k - 3*u, -3*u + 1192 = 3*k + u. Suppose -238*o + k = -236*o. What are the prime factors of o?
2, 7
Let z(a) = 57*a**2 - 10*a + 735. List the prime factors of z(24).
3, 7, 23
Let z(t) be the first derivative of t**3/3 - 21*t**2/2 + 86*t + 54. What are the prime factors of z(31)?
2, 3, 11
Let b = -8774 - -12930. What are the prime factors of b?
2, 1039
List the prime factors of (-20 + 41 - 19 - -27)/((-2)/(-5146)).
29, 31, 83
Suppose -5*h = 4*z - 72, -5*h = 7 + 13. Let b(w) = -w**3 + 2 - 7 + 24*w**2 - 19*w - 48. List the prime factors of b(z).
3, 13
Let z = 4313 - 1413. Suppose 1306*v + z = 1308*v. What are the prime factors of v?
2, 5, 29
Suppose -4*m = -93 + 345. Let y = 220 + m. Let a = -98 + y. What are the prime factors of a?
59
Let k(b) = b**3 - 15*b**2 - 55*b. List the prime factors of k(-3).
3
Let d = -3649 + 5110. Let p = 2653 - d. What are the prime factors of p?
2, 149
Let r(n) = 3*n**2 + 13*n. Let m be r(-5). Suppose 5*j + m*j = -225. Let l = 27 + j. What are the prime factors of l?
2, 3
Let f = 641 - 632. What are the prime factors of f + 892 + (9 - 12)?
2, 449
Let u be -5*1/5*-1*811. Let m = u - 347. Suppose -5*n + 3*n = 5*k - 589, -4*k + 2*n + m = 0. What are the prime factors of k?
3, 13
Let v = 44 - -159. Suppose -4*o - 5*y = -267, -3*o = -0*y + y - v. What are the prime factors of -2 + (-4 - o)/(-2)?
2, 17
Let j(s) = -11*s - 184. Let w be j(-17). Suppose -w*l - 4*i + 1714 = 0, -5*i = -19 + 14. List the prime factors of l.
2, 3, 5, 19
Let t(v) = 10*v**2 + 21*v - 2. Let d(r) = r**2 + r. Let b(n) = 2*n + 21. Let z be b(-12). Let p(f) = z*d(f) + t(f). List the prime factors of p(-6).
2, 71
Let x be 27/(162/528) - 3*2. Suppose -x*s = -66*s - 14304. List the prime factors of s.
2, 3, 149
Suppose 42 = -5*u - 88. Let y = u - -29. Suppose -y*t - 200 = -5*t. What are the prime factors of t?
2, 5
What are the prime factors of 1146/(-5)*(-160)/12?
2, 191
Let y = 7716 + -7662. Let b = 54 - 190. Let o = y - b. List the prime factors of o.
2, 5, 19
Suppose -19*h - 420 = -7*h. Let o = h + 37. Suppose 4*z + 199 = j, -o*z - 9 = -1. What are the prime factors of j?
3, 61
Suppose 3*p = -n + 8*p + 1500, 3060 = 2*n + 5*p. Suppose -3*h + 1932 = 5*a - 0*h, 4*a - n = 4*h. List the prime factors of a.
2, 3
Suppose 5*n + 8 = 4*u, -2*u = n - 6*n - 4. Suppose 2*s - 528 = -u*s. Suppose -x + s = 30. List the prime factors of x.
2, 3, 17
Let i(d) = 10*d**2 - 3*d - 4. Let r be i(-1). Suppose -8*x - r = -11*x. Suppose 26 = 4*c + q, x*c - 15 - 5 = -q. What are the prime factors of c?
2, 3
Let h be 9/(-15) + ((-9456)/15)/(-4). Suppose 735 = 2*a + h. List the prime factors of a.
17
Let g(x) = 158. Let i(z) = 3*z + 1. Let l(u) = 2*g(u) + 4*i(u). List the prime factors of l(-14).
2, 19
Let l(s) = s**3 + 14*s**2 - s + 20. Suppose -3*k - 25 = 5*b, 1 = -4*b + 2*k + 3. Let o be 126/27*6/b. What are the prime factors of l(o)?
2, 17
Let m(b) be the second derivative of b**4/6 - 19*b**3/6 - 4*b**2 - 70*b. What are the prime factors of m(-9)?
5, 13
List the prime factors of (-66064)/12*((2/(-4) - -3) + -4).
2, 4129
Let o = -86 - -162. Let a = 1296 + o. List the prime factors of a.
2, 7
Suppose 14*x = 54*x + 13*x - 197107. What are the prime factors of x?
3719
Let y be (-8 - -345)/(5/45*-3). Let r = y + 2782. What are the prime factors of r?
7, 11, 23
Let y = 22 + -184. What are the prime factors of 1/((-651)/y - 4)?
2, 3
Suppose -39*s + 48*s - 324 = 0. What are the prime factors of 23*(s - -2) + -4?
2, 3, 5, 29
Let w = -1972 - -2511. List the prime factors of w.
7, 11
Let w(a) = 8618*a - 186. What are the prime factors of w(1)?
2, 17, 31
Let n be (7/(105/10))/(2/(-408)). Let c = 671 + n. List the prime factors of c.
5, 107
Suppose c = 5*i - 1 - 3, -4*c - 3*i = -53. Suppose -21 = 4*x - c*x. List the prime factors of ((-3)/(-12))/(x/996).
83
Suppose -108*r = -77*r - 1357428. List the prime factors of r.
2, 3, 41, 89
Let k = 17 - 18. Let x be ((4/1)/k)/(14/(-469)). Suppose 0 = -5*b + 15, 4*b = 5*w - x + 6. What are the prime factors of w?
2, 7
Let x(p) = -p**3 - 43*p**2 + 26*p - 79. Suppose b + 58 = 14. List the prime factors of x(b).
23, 31
Let y be 0/(15*(33/15 + -2)). Suppose 0 = l - 506 - y. List the prime factors of l.
2, 11, 23
Let d(n) = -n**3 - 6*n**2 - 6*n - 5. Let i be d(-2). Let s(o) = -o**3 - 9*o**2 + 1. Let t be s(i). What are the prime factors of 242/6 - ((-5)/3 + t)?
41
Suppose 592*p = 587*p + 51640. List the prime factors of p.
2, 1291
Let m = -19797 + 42104. What are the prime factors of m?
22307
Let g(z) = -2*z**2 + 9*z + 58. Let y be g(8). Let b be 4*-1*(-2)/4. List the prime factors of b/(-1)*(-91)/y.
7, 13
Let z be 2/2*4 - (4 - 421). Let m = 81 + z. List the prime factors of m.
2, 251
Let p = -14092 - -32